36 + 17 - 30?
8
Let l(b) = b**2 - 36*b + 6. Suppose -f - 16*f + 612 = 0. Calculate the remainder when 124 is divided by l(f).
4
Let l(r) = r**3 - 5*r**2 + 4*r - 16. Let h be l(5). Calculate the remainder when 59 is divided by (h/(-1))/(8/(-44)).
15
Let w(b) = 57*b**2 + 43*b + 117. Calculate the remainder when w(-3) is divided by 43.
28
Calculate the remainder when 149 is divided by 59 + 7/(-21) + (-2)/(-6).
31
Let c(i) = 118*i**2 + 491*i + 50. What is the remainder when c(-11) is divided by 95?
92
Let r = -10196 + 10434. Calculate the remainder when r is divided by 98.
42
Suppose p - 137 = -x, 4*x + 29*p - 30*p - 548 = 0. Calculate the remainder when x is divided by 8.
1
Let i(h) = -33 + 38*h - h**3 - 17*h - h**2 - 23*h. What is the remainder when i(-7) is divided by 6?
5
Let y be (6/4)/((-3)/(-46)). Suppose 0*v + 2*m = -2*v - 22, -v + m = 1. Let t = y + v. Calculate the remainder when 30 is divided by t.
13
Suppose 0 = c, -u - 291 = -4*u + c. Let f = u - 95. Suppose -l = -3*l - f*g + 128, 4*l + 3*g = 251. What is the remainder when l is divided by 24?
11
Let t(o) = -7*o - 439. Let d(h) = h**2 + 7*h + 9. What is the remainder when t(-67) is divided by d(-6)?
0
Let t = -200 - -209. Suppose 5*o - t*o = -96. What is the remainder when 71 is divided by o?
23
What is the remainder when 2685 is divided by 15*(-19 + 123/5)?
81
Suppose -10*b - 2*b = -324. Let l = b - 18. Suppose -6 = 2*k - 36. Calculate the remainder when k is divided by l.
6
Let t(s) = s**2 - s - 4. Calculate the remainder when ((-87)/12)/(124/3162 - 345/4896) is divided by t(6).
24
Suppose 31*w - 297 = 726. Let f(r) = -8*r. Let d be f(2). Let t = w + d. Calculate the remainder when 67 is divided by t.
16
Suppose 0 = 4*h - 16*m - 204, -m - 3*m = 0. Let x(z) = 12*z + 2. What is the remainder when h is divided by x(2)?
25
Suppose -2*n - 154 = -9*n. Calculate the remainder when (153/6)/(162/540) is divided by n.
19
Let u be (-7)/(35/(-5)) - (-4)/1. Let x(g) = g**3 - 5*g**2 + 12*g - 17. What is the remainder when 255 is divided by x(u)?
40
Suppose 3*h - 808 = -4*a, 5*h + 20 = -2*a + 1348. Let q(n) = n**3 + 11*n**2 + 21*n + 4. Calculate the remainder when h is divided by q(-7).
52
Suppose 3*x - 369 = -p, -67 = 5*x + p - 680. What is the remainder when 1077 is divided by x?
101
Let b(j) = -14*j + 31 + j**2 + 17*j + 9*j**2. What is the remainder when b(-5) is divided by 67?
65
Suppose 0 = 5*s + 3*x - 1976, -2*s + 3*x = -407 - 375. Calculate the remainder when s is divided by 35.
9
Let b(v) = v + 4. Let p be b(-3). Let n be ((-21)/(-14))/(p/(-2)*-1). Suppose -l = 2*i - 7, 2*i - 2 = n*i. What is the remainder when 18 is divided by l?
7
Suppose -2*m + 0 = 4. Let h = m - -6. Calculate the remainder when 13 is divided by h.
1
Let c = 24 + -23. Calculate the remainder when 4/7*(-3738)/(-89) is divided by (-4 + -4 + 17)*c.
6
Calculate the remainder when 14983/5 - (-7)/(-5)*(-105 - -104) is divided by 24.
22
Let q = -86 - -120. Let m(w) = -3*w + 18. Let k be m(5). Suppose 2*b + k*b = 325. Calculate the remainder when b is divided by q.
31
Let z(q) = -q**2 - 1. Let w be z(-6). Let g = w - -24. Let v = 21 + g. What is the remainder when v is divided by 5?
3
Let a be (-10 - -11)/((-2)/(-18)). Let f = a + -29. Let j = -4 - f. Calculate the remainder when 39 is divided by j.
7
Suppose 2*p + 3133 = 3*f + 743, 2*f = -4*p + 1588. What is the remainder when f is divided by 40?
36
Suppose 281*r = 279*r + 10*x + 12, -4*r + 5*x = -129. What is the remainder when 692 is divided by r?
36
What is the remainder when ((-95228)/(-1596))/(1/3) is divided by 5?
4
Suppose 20 - 6 = 2*z, 3*y - 777 = -3*z. Calculate the remainder when y is divided by 130.
122
Let o = 4052 - -579. Calculate the remainder when o is divided by 2309.
13
Let b(u) = 14*u - 11. Let p be b(1). Suppose p*t + 43 = 61. What is the remainder when 6 is divided by t?
0
Let s be (5 + (-17)/7)*21. Let d = -42 + s. Let p = 14 + d. Calculate the remainder when 128 is divided by p.
24
Suppose -4994*k - 9358*k + 23413 - 13644 = -47639. Let t(g) = -g. Let a be t(-3). Let u = a + 24. What is the remainder when u is divided by k?
3
Let i(b) = -b**3 + 9*b**2 + 4*b + 6. Suppose 108*q = 106*q + 10. Calculate the remainder when i(q) is divided by 22.
16
Suppose 5*u + 28 = -v + 5, 2*v + 6 = -2*u. Let r be v - ((-5)/(-10))/(2/(-12)). Let h(n) = 20*n - 21. What is the remainder when h(r) is divided by 10?
9
Let k = 3462 + -3144. Calculate the remainder when k is divided by 20.
18
Suppose 0 = -5*i + 3*y - 261, -i - 93 = i - 5*y. Let q = i - -57. Suppose -q = -r + 3. Calculate the remainder when 22 is divided by r.
4
Let y be 2/4 + 183/(-2) + -2. Let w = y + 74. Let i = -11 - w. What is the remainder when 29 is divided by i?
5
Suppose 4*h + 2*i - 22 = h, -5*i = 5*h - 45. Suppose 2*s = 3*m + 71, 4*s + h*m = 2*s + 78. Let z = 5863 + -5849. Calculate the remainder when s is divided by z.
9
Suppose -g = -b - 122, -7*b + 2*b = 20. Suppose 3*y - g = 26. Calculate the remainder when y is divided by 16.
0
Suppose 9*c = 8*c - 3*n + 17, 0 = 4*c + 5*n - 89. Suppose 12 = 3*q, -4*h + 2*q + 3 = -97. What is the remainder when h is divided by c?
1
Suppose -11*x + 631 = -2394. What is the remainder when -10*(11/(x/(-310)))/1 is divided by 41?
1
Suppose 4*g - 21 = 115. Suppose -g = 4*q - 82. Calculate the remainder when 310 is divided by q.
10
Let d = -210 + 298. Suppose 0 = 3*o - 5*b - 224, 0*o - 5*b - d = -o. Calculate the remainder when 268 is divided by o.
64
Suppose -14*a - 156 = -27*a. Let c = 67 + a. What is the remainder when 391 is divided by c?
75
Let q(y) = -2*y**2 - 3*y - 25. Let b(f) = -3*f**2 - 7*f - 49. Let i(z) = 3*b(z) - 5*q(z). Calculate the remainder when 34 is divided by i(10).
16
Suppose -2*s - 236 = -3*v, -2*s - 376 = s + v. Let y = -58 - s. Calculate the remainder when y is divided by 36.
30
Let w be (64/(-44))/8 - (-532)/22. Suppose -w*y + 5172 = -12*y. Calculate the remainder when y is divided by 31.
28
Suppose 4*f - 11 = h - 66, 3*f = -h - 50. Let m be 2 - -12 - (2 - -7). What is the remainder when 28 is divided by (-6)/f*m + 8?
8
Suppose z = -4*z + 3*c + 3052, 1223 = 2*z + c. Suppose 7*f = -6*f + z. What is the remainder when f is divided by 8?
7
Let z = 65 + 12. Let t = -14 - -22. Suppose -t*v + 29 + 75 = 0. What is the remainder when z is divided by v?
12
Let f = 35 + -34. Let m be (-1 - f)/(8 - 9). Calculate the remainder when 42 is divided by ((-5)/10)/(m/(-36)).
6
Let k(r) = r. Suppose 4*s - 132*q - 44 = -134*q, 0 = -4*q + 8. What is the remainder when s is divided by k(6)?
4
Suppose 0 = -3*l + 6, 0 = -2*k + 2*l + 4 + 10. Let b be 6*2/k*-3. Let w = 24 + b. What is the remainder when 58 is divided by w?
18
Let v(c) = -4*c - 5. Let l(r) = 4*r + 5. Let n(b) = -3*l(b) - 2*v(b). Calculate the remainder when n(-21) is divided by 22.
13
Suppose 19*o + 4835 - 14525 = 0. Calculate the remainder when o is divided by 27.
24
Suppose 17*x - 1104 = -31*x. What is the remainder when 659 is divided by x?
15
Let j = 1322 - 1302. Suppose 2*x + 1 + 1 = 0, 2*a = -2*x + 62. Calculate the remainder when 38 is divided by (j/16)/(4/a).
8
Calculate the remainder when 0 + 1 + 259 + 9 is divided by (-4)/(-14) - 990/(-63).
13
What is the remainder when ((5 + -2 + 3 - 6) + -1)*-361 is divided by 115?
16
Let v(q) = q - 7. Let s be v(-6). Let c = s + 61. Suppose 94*y = 98*y + 2*l - 106, 5*y - 5*l - 125 = 0. What is the remainder when c is divided by y?
22
Suppose -5*x - 3*y - 956 = 0, 5*y = 3*y + 6. Let v = 327 + x. Let k(o) = o**2 + 3*o - 9. What is the remainder when v is divided by k(6)?
44
What is the remainder when 1481 is divided by ((300 + -8)/4 + -7)/(2 - 0)?
29
Suppose -764 = -5*v - 214. What is the remainder when v is divided by ((-2 - 3) + 2 - 2) + 64?
51
Let o(s) = -88*s**2 - 1150*s - 8. Suppose -5*x - 3*z + 116 = 0, -7*x + 102 = -2*x - 4*z. Calculate the remainder when o(-13) is divided by x.
4
Let f(o) = -o**3 - 87*o**2 + 269*o - 35. Calculate the remainder when f(-90) is divided by (-2 + 4 - 1)*8.
7
Let g = -482 + 486. Calculate the remainder when 495 is divided by 19 - 30/(-9 + g).
20
Suppose -33 = -5*l + 102. Suppose -13*r + l = -51. What is the remainder when 27 is divided by r?
3
Suppose 43 = h + 3*d, -33*h + 28*h + 3*d = -251. Let z(j) = 2*j + 58. Calculate the